vert 2001122 (base 5) to base 8.
75264
2605d1 (base 15) to base 11
103629a
1112100001202 (base 3) to base 7
6626021
What is 65125 (base 10) in base 14?
19a3b
3297706 (base 10) to base 15
452171
101548 (base 11) to base 14
435b9
-11301601 (base 7) to base 2
-11110010001111111011
What is -201012313 (base 4) in base 11?
-9297a
130131010222 (base 4) to base 12
25b874a
What is -11133130300 (base 4) in base 7?
-15143620
What is -18658 (base 9) in base 12?
-7598
1011010011000110 (base 2) to base 6
554130
Convert -348229 (base 12) to base 14.
-17d601
Convert -120253323 (base 6) to base 2.
-1000101000010100010011
Convert -34114202 (base 5) to base 4.
-1021201321
Convert -8a757 (base 12) to base 15.
-398cd
-10313657 (base 8) to base 11
-1274041
Convert 202312133 (base 4) to base 2.
100010110110011111
16764404 (base 8) to base 3
21101110211122
Convert 10964 (base 13) to base 12.
15558
10212300020 (base 4) to base 9
2240088
What is 123211130110 (base 4) in base 15?
97c8d7
2118077 (base 9) to base 13
309451
-1010101111010010110100 (base 2) to base 7
-32633311
Convert -2210210001111 (base 3) to base 6.
-51545234
What is d84b6c (base 14) in base 6?
420421032
Convert 212002101 (base 3) to base 8.
40677
1020221112212 (base 3) to base 12
282805
-42052553 (base 6) to base 5
-303021211
Convert -a7346a (base 12) to base 7.
-31301536
What is -200213331 (base 4) in base 9?
-223266
15532516 (base 8) to base 12
124aa3a
Convert 9bb4 (base 14) to base 10.
27010
Convert -21022022122 (base 3) to base 12.
-6b2b2
Convert eb0ac (base 16) to base 14.
1b0bc8
What is -2067465 (base 8) in base 9?
-1032214
-126370 (base 14) to base 15
-c7306
-8029 (base 14) to base 13
-a016
-1371073 (base 8) to base 13
-1084b3
Convert 1254651 (base 7) to base 4.
220101222
Convert 1155530 (base 6) to base 2.
1111001011101110
Convert -3295a91 (base 12) to base 2.
-100100110100100011001101
-30342034 (base 5) to base 12
-ba7b3
What is 1301231001 (base 5) in base 11?
1860885
4781550 (base 9) to base 4
21321000012
What is 445a228 (base 11) in base 9?
15634206
What is 37472555 (base 9) in base 10?
18353030
10010111010111 (base 2) to base 15
2d0c
What is 101231121 (base 4) in base 9?
120446
Convert 33b21 (base 13) to base 4.
112333100
21a96 (base 11) to base 15
96d8
Convert -11b5b0a (base 12) to base 3.
-20112110021001
What is 46a496 (base 13) in base 11?
a47763
Convert 2125a (base 13) to base 15.
12a72
What is -2931b (base 16) in base 10?
-168731
-2113056 (base 8) to base 14
-109114
Convert 87538 (base 10) to base 7.
513133
What is -134141 (base 16) in base 7?
-13503656
What is -93674 (base 15) in base 8?
-1620411
Convert 11201321102 (base 4) to base 12.
59aa42
-555132 (base 7) to base 6
-2032523
24373827 (base 9) to base 13
2613673
What is -2661728 (base 9) in base 5?
-333122424
-100101101011110000000001 (base 2) to base 7
-146652243
What is -6832704 (base 9) in base 8?
-16030676
What is 10231113400 (base 5) in base 4?
221030333030
-3101333 (base 8) to base 4
-3020023123
What is 10020001121222 (base 3) in base 13?
47cc90
363108 (base 12) to base 16
d5ed8
Convert 255321412 (base 6) to base 13.
106931c
What is 110111000001101000 (base 2) in base 9?
373146
-912a9 (base 15) to base 4
-1300031121
f75b3 (base 16) to base 4
3313112303
20120102211 (base 3) to base 5
13114402
What is 2906750 (base 10) in base 11?
1705980
What is 11110210110020 (base 3) in base 7?
26131530
1101001110110001101101 (base 2) to base 6
202201221
Convert -305615 (base 7) to base 14.
-1517c
What is 318478 (base 9) in base 6?
4023155
What is 763370 (base 8) in base 5?
31140421
Convert -381664 (base 16) to base 11.
-209070a
-20525621 (base 7) to base 16
-1a84db
-359b0 (base 13) to base 6
-2035124
What is a06b21 (base 15) in base 2?
11101000011011111111010
Convert 2021221210201 (base 3) to base 12.
4a986a
What is -10010010011000110011001 (base 2) in base 5?
-2211444300
What is -a6949 (base 11) in base 15?
-31143
What is 63768 (base 12) in base 7?
1053005
What is -121002101230 (base 4) in base 12?
-2245ba4
What is 134114212 (base 5) in base 4?
2220321133
-318809 (base 10) to base 16
-4dd59
What is 25630652 (base 7) in base 12?
95038b
What is -2111220112111 (base 3) in base 10?
-1336648
Convert -230010233 (base 4) to base 12.
-8857b
What is 12148a7 (base 12) in base 3?
20121110100101
What is -48a20 (base 13) in base 15?
-29876
What is -12661563 (base 9) in base 14?
-b86446
Convert -14d67 (base 15) to base 16.
-1064b
Convert 1301063 (base 7) to base 14.
4556a
What is -457240 (base 9) in base 12?
-1128a6
-1111111000010110 (base 2) to base 7
-360432
Convert 30004010 (base 5) to base 14.
61852
-103146643 (base 7) to base 4
-113130213232
-19849a (base 11) to base 15
-6015b
-33321223 (base 4) to base 9
-108307
Convert -42a560 (base 12) to base 16.
-101898
22502300 (base 8) to base 5
2222234043
What is 494a1 (base 12) in base 2?
11000001101111001
Convert 1ce764 (base 16) to base 2.
111001110011101100100
What is 131013523 (base 6) in base 3?
11211110221020
What is 150423131 (base 6) in base 7?
35315554
What is -62766 (base 12) in base 3?
-20112220020
What is -3822573 (base 10) in base 11?
-2180a57
-101414152 (base 6) to base 13
-497bb2
What is 100002121212222 (base 3) in base 15?
65774b
What is -12022122122 (base 3) in base 2?
-11001100100010011
What is 35eec (base 16) in base 3?
102020000210
What is 41508 (base 13) in base 8?
345056
9380 (base 14) to base 9
37747
Convert -1963d (base 16) to base 12.
-50225
What is -203023322 (base 4) in base 13?
-507a4
-2203154 (base 6) to base 8
-326016
Convert -1342016 (base 9) to base 16.
-b3c31
-2b25e5 (base 15) to base 10
-2083715
Convert 100101110110011 (base 2) to base 13.
8a89
Convert -3b3903 (base 12) to base 11.
-610107
Convert -382713 (base 10) to base 14.
-9d689
What is -302656 (base 7) in base 14?
-14a66
What is 3c64449 (base 13) in base 2?
1001000111011001100100010
What is -2243630 (base 9) in base 5?
-302204144
10220231103 (base 4) to base 6
42014243
-33220213 (base 5) to base 13
-a15c0
d310 (base 15) to base 8
127025
What is -2056971 (base 10) in base 11?
-1185484
3000003000 (base 4) to base 15
108119
13a6a8 (base 15) to base 4
3213011030
-176556 (base 8) to base 6
-1220210
What is -74c344 (base 14) in base 12?
-13a7060
What is -11330218 (base 9) in base 8?
-25014373
What is 4271095 (base 11) in base 16?
72a0cc
What is -1244525 (base 11) in base 6?
-114131331
What is 10a240 (base 14) in base 8?
2120720
121102020 (base 3) to base 8
27277
Convert 2460141 (base 8) to base 6.
22324145
What is 482a52 (base 11) in base 6?
24222513
Convert 1ef215 (base 16) to base 11.
1165785
Convert 3a1401 (base 14) to base 10.
2001161
Convert -6546174 (base 9) to base 4.
-31122010201
-210525 (base 8) to base 13
-25b07
What is -12121 (base 3) in base 8?
-227
What is -111741 (base 13) in base 2?
-1100010011101010111
Convert 252036 (base 8) to base 9.
142384
What is 12202101222 (base 3) in base 13?
3c749
What is 4c936 (base 16) in base 9?
527224
2002111211120 (base 3) to base 4
10033210032
Convert -1701417 (base 12) to base 13.
-c97cc3
-3723b (base 14) to base 12
-66099
Convert 573b (base 14) to base 6.
154041
Convert 1838d (base 16) to base 13.
3620a
-2353146 (base 7) to base 6
-10223300
What is 20102000020010 (base 3) in base 9?
6360203
Convert 212134040 (base 5) to base 10.
896145
111111000000001110111 (base 2) to base 10
2064503
What is 101001001011111111 (base 2) in base 8?
511377
Convert -2179a0 (base 12) to base 5.
-114010122
Convert 3aaa0 (base 13) to base 3.
12120011120
What is -230213212 (base 4) in base 11?
-115344
What is 2130332212 (base 4) in base 11?
3aa09a
c4a6cc (base 14) to base 16
65433c
Convert 100132034 (base 5) to base 4.
1200221312
What is -100010110101111110110 (base 2) in base 9?
-2130161
303477 (base 9) to base 5
21222403
Convert 42003242 (base 5) to base 12.
147231
51315402 (base 7) to base 16
417633
What is 2762922 (base 10) in base 7?
32325111
What is 113030221302 (base 4) in base 5?
3024044023
11221020202002 (base 3) to base 9
4836662
What is -96fb76 (base 16) in base 4?
-211233231312
What is cc1b5 (base 13) in base 5?
43310123
What is 382760 (base 14) in base 3?
10121221100221
What is -20c6b4 (base 16) in base 5?
-1022214040
Convert 7061c (base 14) to base 4.
1001330202
-122310010321 (ba